 digit of b(v)?
6
Let b be 0 - (2 - -1)*1. Let v = 9 + -9. What is the units digit of -1 - v - (1 + b)?
1
Let y = 12 + -9. Suppose -22 = -5*u - 3*m, -5*m + 14 = 3*u - 6*u. Suppose 5*t = u + y. What is the units digit of t?
1
Suppose n + 3 + 5 = 5*d, -8 = d + 3*n. Let o be 6/(-18)*(1 - d). Suppose o = -0*k - 4*k + 40. What is the units digit of k?
0
Let f(a) = 2*a - 7. Let l be f(5). Suppose -l*x + x = 8. Let w = 14 + x. What is the tens digit of w?
1
Let d be -5*2*(-3 + 2). What is the units digit of (-48)/10*d/(-3)?
6
Suppose 162 = 5*k - 268. What is the units digit of k?
6
Let s be 0/(-3 + 2 + 2). Suppose -2*y + 4*y - 6 = s. Suppose -2*m + 18 = 4*n, y*n + 4 = m + 15. What is the units digit of m?
1
Let b(q) = -q**3 + 5*q**2 - 3*q - 4. Let s be b(3). Suppose -47 = -5*p - 2*v + v, -s*p + 37 = -4*v. What is the units digit of p?
9
Let f(t) = 9*t**2 + t - 2. Let w be f(2). Suppose -4*p - 12 = -w. What is the units digit of p?
6
Suppose -w = -4*q + 5*q - 22, 2*w - 67 = -3*q. Suppose 0 = j - 0 - q. Let z = j + -8. What is the tens digit of z?
1
Let c = 156 - 11. What is the tens digit of c?
4
Suppose 20 = -4*a - 12. Let y(o) = o**3 + 7*o**2 - 9*o - 1. What is the units digit of y(a)?
7
Let f = -8 - -10. Let o be 64/20 + f/(-10). Let t = -2 + o. What is the units digit of t?
1
Suppose 0*w + 9*w = 360. What is the units digit of w?
0
Suppose 12 = -4*s, 0 = -0*l - l + 3*s + 217. What is the units digit of l?
8
Suppose -3*x + 42 = -99. What is the tens digit of x?
4
Suppose -12 = -4*m, -2*m + 249 = 4*d - 3*m. Suppose -6*c + 3*c = -d. What is the units digit of c?
1
Suppose f + f - 102 = 0. What is the units digit of f?
1
Let o(l) = -l**2 - 7*l + 7. What is the tens digit of o(-6)?
1
Let t(s) = -s**3 + 5*s**2 - 6*s + 6. Suppose 3*d + 12 = 0, -5*a + 2*d - 7 = -35. Let b be t(a). What is the units digit of (-1 + 6)/((-2)/b)?
5
Let s(u) = u**2. Let m be s(2). Suppose -y = m*y - 110. What is the units digit of y?
2
Suppose r - s = -0*s, -s + 15 = 4*r. Suppose 4*f - 1 = r*c - 17, 5*c - f = 38. What is the units digit of c?
8
Let m be 1/((15/6)/5). Let g(x) = 8*x + 1 - 5 + x**3 + 3 + 9*x**m + 5. What is the units digit of g(-8)?
4
Suppose -4*o = u - 14 - 4, -4*u = 5*o - 39. Let g = 21 - u. What is the units digit of g?
5
Let p be (-111)/(-2) + 18/12. Let i = p + -11. What is the units digit of i*((-10)/(-4))/5?
3
Let a(x) = 1. Let w = -7 - -6. Let i(s) = s + 2. Let k(p) = w*a(p) + i(p). What is the units digit of k(9)?
0
Suppose 3*v + 2*v - 150 = -5*d, -5*v - 20 = 0. What is the tens digit of d?
3
Let w(g) = 4*g**2 - g. Let j be w(1). Suppose 4*b = t - 25, -j*t + 24 - 1 = b. What is the units digit of t?
9
Let c = 34 + -21. What is the tens digit of c?
1
Let j(l) = 11*l**2 + l - 4. Let r be j(-3). Let d = r - 60. What is the units digit of d?
2
Let j(a) = -a**2 + 6*a - 1 - 3 + 8. Let g be j(6). Suppose 0*l + 5*n = -g*l + 20, 2*n = 0. What is the units digit of l?
5
Suppose 3*x - 6 = -3*z, -2*z = -0*z + 10. What is the units digit of x?
7
Suppose 10*s = 3*s + 1211. What is the tens digit of s?
7
Let b(h) = h**2 + 7*h + 2. Let s be b(-7). Suppose s*k - 10 = 0, 5*i - 5*k - 80 = -0*k. Let p = i + -12. What is the units digit of p?
9
Suppose 5*r + 4*s - 21 = 0, 3*r + 2*s - 11 + 0 = 0. Let q be (1 - (-1 - -3))*-16. Suppose 0 = 3*i + 2*n - 19, -2*i + n + q = r. What is the units digit of i?
7
Suppose 0 = -3*t - s + 40 + 7, -4*t + 5*s = -69. What is the tens digit of t?
1
Let w(g) be the third derivative of g**6/120 + 7*g**5/60 + g**4/4 + 5*g**3/6 - g**2. What is the units digit of w(-6)?
5
Suppose 0 = 5*r + 5, 0*r + 2*r + 6 = -u. Let l = u - -5. Suppose -5*w = -5*n - 35, -n + l = w - 0. What is the units digit of w?
4
Suppose -3*r = -0*r - 6. Let o = -6 - -10. Suppose -2*t = -o*t + r. What is the units digit of t?
1
Let r be (236/(-8) + 1)*-2. Let n = r - 32. What is the units digit of n?
5
Let l be (-2)/2 - (-2)/2. Suppose 4 + l = 4*t. What is the units digit of t?
1
Let j(o) = o**2 - 8*o + 10. Let u be j(8). Suppose 0*x = -x + u. What is the tens digit of x?
1
Suppose 0 = -r + 2 + 1. Suppose -5*u + 35 = 2*a, r*u - a - 10 = -0*a. What is the units digit of u?
5
Let m be 1/((-1)/(10/(-2))). Suppose 4*f - 2*s = s + 4, m*f = s + 16. Suppose 5*w - f*w - 11 = 0. What is the tens digit of w?
1
Suppose 0 = 2*x + 12 - 0. Let g(u) = -u**3 - 5*u**2 + 5*u - 3. What is the units digit of g(x)?
3
Let u(d) = -d**3 + 10*d**2 - 1. Let i be u(10). Let h be (1/(-3))/(i/21). Suppose 3*o - 2*o = h. What is the units digit of o?
7
Let w(q) = q**3 + 18*q**2 + q + 25. What is the units digit of w(-18)?
7
Let f be 2*(0/4 + -1). What is the tens digit of -3*(-1 + f + -8)?
3
Let w be (2 - -10)*(-3)/(-9). Suppose w*n + 18 = 2*p + 2, -3*n = 2*p - 2. What is the units digit of (-2)/((-2 - -2) + n)?
1
Let d(f) = f**2 + 6*f - 6. Let x be d(-7). Suppose 5*j = 4*y - 12, 2*y - 7 = 4*j - 1. Suppose -b + 22 + x = j. What is the tens digit of b?
2
Let z(j) = -3*j**2 + j - 1. Let v be z(2). Let u = v + 18. What is the units digit of u?
7
Let x = 6 - 3. Suppose 5*h = x*b - 21, 5*b - h = 3*h + 22. Suppose 17 = b*r - 7. What is the tens digit of r?
1
Let j be (-4)/6 + (-6)/(-9). Suppose -4*y = -j*y - 100. What is the tens digit of y?
2
Let y(p) = p**2 - 2*p - 1. Let s = -8 - -6. Let x be -2 + s - (-2 - -1). What is the units digit of y(x)?
4
Suppose 62 + 55 = 3*z. What is the units digit of z?
9
Suppose 5*z + 4*x = 32, -6*z + 19 = -2*z + x. Let o be z/(-2) - 2*-1. Suppose -3*u - w = 1 - 40, -4*u - 2*w + 50 = o. What is the units digit of u?
4
Suppose -3*d = -3*j - 5*d + 18, 0 = -2*d - 6. What is the units digit of j/28 - 66/(-14)?
5
Suppose -8 = 4*q, 3*s = -2*s + 5*q + 25. Suppose -s*p + 8 = -p. Suppose -3*w - p*o - 17 = 0, 4*o - 16 = 4*w - 40. What is the units digit of w?
1
Suppose -12*a = -15*a + 120. What is the units digit of a?
0
What is the units digit of ((-12)/(-18)*-27)/((-2)/17)?
3
Let o(p) = p**3 - 5*p**2 - 6*p + 1. Let h be (4/(-6))/(3/(-27)). Let y be o(h). What is the units digit of 1/(y - 12/14)?
7
Let r(t) = 1 - 7 + 3 - 4*t. What is the units digit of r(-5)?
7
Let l(r) = r**3 + 2*r**2 - 5*r - 4. Let v be l(-3). Suppose -30 = -f - v*f. Suppose -6*w + f = -5*w. What is the tens digit of w?
1
Suppose -7*x + 2*x = 60. Let a = 17 + x. What is the units digit of a?
5
Suppose -14 = h - 4*t, 0 = -4*h - 0*t - 2*t - 74. What is the tens digit of (-309)/h + 6/(-36)?
1
Suppose 10 = 5*x - 4*k - 20, 4*x - 3*k - 24 = 0. Let z = 15 - x. Let u = z - 1. What is the units digit of u?
8
Suppose -2*l = -2*u + 4, -2 = 4*l - u - 0. Suppose -2*v - 3*v = -10. Suppose 3*o + 5*m = -l*m + v, o = -2*m. What is the units digit of o?
4
Let k(j) = -j + 10. Let b be 72/(-4)*3/(-6). Let u be k(b). What is the units digit of u - -1 - (-3 - 0)?
5
Let r = 13 - 9. What is the units digit of r/(-10) - 252/(-30)?
8
Let n(w) = 3*w**2 - w - 2. What is the units digit of n(-6)?
2
Let v = -296 - -522. What is the tens digit of v?
2
Suppose 3*s - 3 = 4*p - 13, 4*p = 16. Suppose -2*l = 2*w - 10, 5*w = 3*w + s. What is the units digit of 2*1*l/1?
8
What is the tens digit of (-22)/(-3)*(-39)/(-26)?
1
Let x = 6 + -39. Let y = -19 - x. What is the units digit of y?
4
Suppose -4*u = -9 - 7. Suppose -131 = -u*v - 23. Suppose -4*w + v = -5*p, 0 = 2*w - 5*w - 3*p + 27. What is the units digit of w?
8
Let f = 1 + 1. Let a be (-6)/4*12/(-9). Suppose -a*w = f*w - 28. What is the units digit of w?
7
Suppose -a + 0*a + 35 = 0. Let l be ((-8)/((-3)/(-3)))/(-2). Suppose -2*g + 74 = l*x, 4*x - 36 = g + a. What is the units digit of x?
8
Suppose 3*b = 7*b - 24. Let k(r) = 2*r - 8. Let h be k(b). Suppose 5*u + 16 = -h*o + 44, -3*u + 12 = 4*o. What is the units digit of u?
8
Suppose -3*l + 8*l = 20. What is the units digit of l?
4
Suppose 5*n - 140 = 3*n. What is the units digit of n?
0
Let s(n) = 175*n**3 - n**2 + 1. What is the tens digit of s(1)?
7
Let p(j) = -j. Let c be p(-4). Let k be (-15)/(-6) - 1/2. Suppose -w - w + c = g, -w - 18 = -k*g. What is the units digit of g?
8
Let f be (3/(-2))/(15/(-320)). Let v = 47 - f. What is the tens digit of v?
1
Let t = 301 + -213. Suppose -7*h = -3*h - t. What is the tens digit of h?
2
Let w = 2 - -3. Let p = 5 - w. Suppose -50 = -p*l - 5*l. What is the units digit of l?
0
Let d(f) = f**2 - 2*f - 1. Le